[INFO] fetching crate yawfc 0.1.0...
[INFO] checking yawfc-0.1.0 against master#e6e4f7ed1589e03bc2f6c5931c1a72e7947e8682 for beta-170-4
[INFO] extracting crate yawfc 0.1.0 into /workspace/builds/worker-7-tc2/source
[INFO] validating manifest of crates.io crate yawfc 0.1.0 on toolchain e6e4f7ed1589e03bc2f6c5931c1a72e7947e8682
[INFO] running `Command { std: CARGO_HOME="/workspace/cargo-home" RUSTUP_HOME="/workspace/rustup-home" "/workspace/cargo-home/bin/cargo" "+e6e4f7ed1589e03bc2f6c5931c1a72e7947e8682" "metadata" "--manifest-path" "Cargo.toml" "--no-deps", kill_on_drop: false }`
[INFO] started tweaking crates.io crate yawfc 0.1.0
[INFO] finished tweaking crates.io crate yawfc 0.1.0
[INFO] tweaked toml for crates.io crate yawfc 0.1.0 written to /workspace/builds/worker-7-tc2/source/Cargo.toml
[INFO] running `Command { std: CARGO_HOME="/workspace/cargo-home" RUSTUP_HOME="/workspace/rustup-home" __CARGO_TEST_CHANNEL_OVERRIDE_DO_NOT_USE_THIS="nightly" "/workspace/cargo-home/bin/cargo" "+e6e4f7ed1589e03bc2f6c5931c1a72e7947e8682" "generate-lockfile" "--manifest-path" "Cargo.toml" "-Zno-index-update", kill_on_drop: false }`
[INFO] running `Command { std: CARGO_HOME="/workspace/cargo-home" RUSTUP_HOME="/workspace/rustup-home" "/workspace/cargo-home/bin/cargo" "+e6e4f7ed1589e03bc2f6c5931c1a72e7947e8682" "fetch" "--manifest-path" "Cargo.toml", kill_on_drop: false }`
[INFO] running `Command { std: "docker" "create" "-v" "/var/lib/crater-agent-workspace/builds/worker-7-tc2/target:/opt/rustwide/target:rw,Z" "-v" "/var/lib/crater-agent-workspace/builds/worker-7-tc2/source:/opt/rustwide/workdir:ro,Z" "-v" "/var/lib/crater-agent-workspace/cargo-home:/opt/rustwide/cargo-home:ro,Z" "-v" "/var/lib/crater-agent-workspace/rustup-home:/opt/rustwide/rustup-home:ro,Z" "-e" "SOURCE_DIR=/opt/rustwide/workdir" "-e" "CARGO_TARGET_DIR=/opt/rustwide/target" "-e" "CARGO_HOME=/opt/rustwide/cargo-home" "-e" "RUSTUP_HOME=/opt/rustwide/rustup-home" "-w" "/opt/rustwide/workdir" "-m" "1610612736" "--user" "0:0" "--network" "none" "ghcr.io/rust-lang/crates-build-env/linux@sha256:19e73879b68f455e41552ea35293514db52ea292d993f571636dbffedb77a1ee" "/opt/rustwide/cargo-home/bin/cargo" "+e6e4f7ed1589e03bc2f6c5931c1a72e7947e8682" "metadata" "--no-deps" "--format-version=1", kill_on_drop: false }`
[INFO] [stdout] 8f180253f4fb1fbc0666c8bfeb1c8d1cffeb6c7214851146aaee8042cf771f35
[INFO] running `Command { std: "docker" "start" "-a" "8f180253f4fb1fbc0666c8bfeb1c8d1cffeb6c7214851146aaee8042cf771f35", kill_on_drop: false }`
[INFO] running `Command { std: "docker" "inspect" "8f180253f4fb1fbc0666c8bfeb1c8d1cffeb6c7214851146aaee8042cf771f35", kill_on_drop: false }`
[INFO] running `Command { std: "docker" "rm" "-f" "8f180253f4fb1fbc0666c8bfeb1c8d1cffeb6c7214851146aaee8042cf771f35", kill_on_drop: false }`
[INFO] [stdout] 8f180253f4fb1fbc0666c8bfeb1c8d1cffeb6c7214851146aaee8042cf771f35
[INFO] running `Command { std: "docker" "create" "-v" "/var/lib/crater-agent-workspace/builds/worker-7-tc2/target:/opt/rustwide/target:rw,Z" "-v" "/var/lib/crater-agent-workspace/builds/worker-7-tc2/source:/opt/rustwide/workdir:ro,Z" "-v" "/var/lib/crater-agent-workspace/cargo-home:/opt/rustwide/cargo-home:ro,Z" "-v" "/var/lib/crater-agent-workspace/rustup-home:/opt/rustwide/rustup-home:ro,Z" "-e" "SOURCE_DIR=/opt/rustwide/workdir" "-e" "CARGO_TARGET_DIR=/opt/rustwide/target" "-e" "CARGO_INCREMENTAL=0" "-e" "RUST_BACKTRACE=full" "-e" "RUSTFLAGS=--cap-lints=forbid" "-e" "RUSTDOCFLAGS=--cap-lints=forbid" "-e" "CARGO_HOME=/opt/rustwide/cargo-home" "-e" "RUSTUP_HOME=/opt/rustwide/rustup-home" "-w" "/opt/rustwide/workdir" "-m" "1610612736" "--user" "0:0" "--network" "none" "ghcr.io/rust-lang/crates-build-env/linux@sha256:19e73879b68f455e41552ea35293514db52ea292d993f571636dbffedb77a1ee" "/opt/rustwide/cargo-home/bin/cargo" "+e6e4f7ed1589e03bc2f6c5931c1a72e7947e8682" "check" "--frozen" "--all" "--all-targets" "--message-format=json", kill_on_drop: false }`
[INFO] [stdout] 16824c7a6c37fdd17c21b563322b0e44ddad57f5f6f3e40f62f02d290e7dcd1e
[INFO] running `Command { std: "docker" "start" "-a" "16824c7a6c37fdd17c21b563322b0e44ddad57f5f6f3e40f62f02d290e7dcd1e", kill_on_drop: false }`
[INFO] [stderr]    Compiling libc v0.2.144
[INFO] [stderr]     Checking getrandom v0.2.9
[INFO] [stderr]     Checking rand_core v0.6.4
[INFO] [stderr]     Checking rand_chacha v0.3.1
[INFO] [stderr]     Checking rand v0.8.5
[INFO] [stderr]     Checking yawfc v0.1.0 (/opt/rustwide/workdir)
[INFO] [stdout] error[E0599]: no method named `colapse` found for struct `Wave` in the current scope
[INFO] [stdout]    --> src/wavefunction.rs:383:14
[INFO] [stdout]     |
[INFO] [stdout] 78  | pub struct Wave<T: Clone, const N: usize> {
[INFO] [stdout]     | ----------------------------------------- method `colapse` not found for this struct
[INFO] [stdout] ...
[INFO] [stdout] 383 |         wave.colapse();
[INFO] [stdout]     |              ^^^^^^^ help: there is a method with a similar name: `collapse`
[INFO] [stdout] 
[INFO] [stdout] 
[INFO] [stdout] error[E0277]: `Wave<u32, 3>` doesn't implement `Debug`
[INFO] [stdout]    --> src/wavefunction.rs:384:26
[INFO] [stdout]     |
[INFO] [stdout] 384 |         println!("{:?}", wave);
[INFO] [stdout]     |                          ^^^^ `Wave<u32, 3>` cannot be formatted using `{:?}`
[INFO] [stdout]     |
[INFO] [stdout]     = help: the trait `Debug` is not implemented for `Wave<u32, 3>`
[INFO] [stdout]     = note: add `#[derive(Debug)]` to `Wave<u32, 3>` or manually `impl Debug for Wave<u32, 3>`
[INFO] [stdout]     = note: this error originates in the macro `$crate::format_args_nl` which comes from the expansion of the macro `println` (in Nightly builds, run with -Z macro-backtrace for more info)
[INFO] [stdout] 
[INFO] [stdout] 
[INFO] [stdout] error[E0308]: mismatched types
[INFO] [stdout]   --> src/overlapping.rs:72:11
[INFO] [stdout]    |
[INFO] [stdout] 72 |     dedup(&mut arr);
[INFO] [stdout]    |     ----- ^^^^^^^^ expected `&mut Vec<Pattern<_>>`, found `&mut Vec<{integer}>`
[INFO] [stdout]    |     |
[INFO] [stdout]    |     arguments to this function are incorrect
[INFO] [stdout]    |
[INFO] [stdout]    = note: expected mutable reference `&mut Vec<overlapping::Pattern<_>>`
[INFO] [stdout]               found mutable reference `&mut Vec<{integer}>`
[INFO] [stdout] note: function defined here
[INFO] [stdout]   --> src/overlapping.rs:52:4
[INFO] [stdout]    |
[INFO] [stdout] 52 | fn dedup<T: Hash+Clone+Debug+PartialEq+Eq>(array: &mut Vec<Pattern<T>>) {
[INFO] [stdout]    |    ^^^^^                                   ---------------------------
[INFO] [stdout] 
[INFO] [stdout] 
[INFO] [stdout] error[E0061]: this function takes 6 arguments but 5 arguments were supplied
[INFO] [stdout]    --> src/overlapping.rs:235:13
[INFO] [stdout]     |
[INFO] [stdout] 235 |     let l = overlapping(img, 5, 5, true, 123).colapse();
[INFO] [stdout]     |             ^^^^^^^^^^^                  --- an argument of type `bool` is missing
[INFO] [stdout]     |
[INFO] [stdout] note: function defined here
[INFO] [stdout]    --> src/overlapping.rs:91:8
[INFO] [stdout]     |
[INFO] [stdout] 91  | pub fn overlapping<T: Debug + Hash + PartialEq + Eq + Clone>(
[INFO] [stdout]     |        ^^^^^^^^^^^
[INFO] [stdout] 92  |     image: Vec<Vec<T>>,
[INFO] [stdout]     |     ------------------
[INFO] [stdout] 93  |     resulty: usize,
[INFO] [stdout]     |     --------------
[INFO] [stdout] 94  |     resultx: usize,
[INFO] [stdout]     |     --------------
[INFO] [stdout] 95  |     mirror: bool,
[INFO] [stdout]     |     ------------
[INFO] [stdout] 96  |     debug: bool,
[INFO] [stdout]     |     -----------
[INFO] [stdout] 97  |     seed: u64,
[INFO] [stdout]     |     ---------
[INFO] [stdout] help: provide the argument
[INFO] [stdout]     |
[INFO] [stdout] 235 |     let l = overlapping(img, 5, 5, true, /* bool */, 123).colapse();
[INFO] [stdout]     |                        ~~~~~~~~~~~~~~~~~~~~~~~~~~~~~~~~~~
[INFO] [stdout] 
[INFO] [stdout] 
[INFO] [stdout] error[E0599]: no method named `colapse` found for struct `Wave` in the current scope
[INFO] [stdout]    --> src/overlapping.rs:235:47
[INFO] [stdout]     |
[INFO] [stdout] 235 |     let l = overlapping(img, 5, 5, true, 123).colapse();
[INFO] [stdout]     |                                               ^^^^^^^ help: there is a method with a similar name: `collapse`
[INFO] [stdout]     |
[INFO] [stdout]    ::: src/wavefunction.rs:78:1
[INFO] [stdout]     |
[INFO] [stdout] 78  | pub struct Wave<T: Clone, const N: usize> {
[INFO] [stdout]     | ----------------------------------------- method `colapse` not found for this struct
[INFO] [stdout] 
[INFO] [stdout] 
[INFO] [stdout] error: aborting due to 5 previous errors
[INFO] [stdout] 
[INFO] [stdout] 
[INFO] [stdout] Some errors have detailed explanations: E0061, E0277, E0308, E0599.
[INFO] [stdout] 
[INFO] [stdout] For more information about an error, try `rustc --explain E0061`.
[INFO] [stdout] 
[INFO] [stderr] error: could not compile `yawfc` (lib test) due to 6 previous errors
[INFO] running `Command { std: "docker" "inspect" "16824c7a6c37fdd17c21b563322b0e44ddad57f5f6f3e40f62f02d290e7dcd1e", kill_on_drop: false }`
[INFO] running `Command { std: "docker" "rm" "-f" "16824c7a6c37fdd17c21b563322b0e44ddad57f5f6f3e40f62f02d290e7dcd1e", kill_on_drop: false }`
[INFO] [stdout] 16824c7a6c37fdd17c21b563322b0e44ddad57f5f6f3e40f62f02d290e7dcd1e
